 factor of 380 and 1748?
76
Calculate the greatest common divisor of 448 and 7.
7
What is the greatest common factor of 266 and 553?
7
Calculate the greatest common divisor of 40 and 6520.
40
Calculate the highest common factor of 96 and 972.
12
Calculate the highest common divisor of 51 and 801.
3
What is the highest common divisor of 989 and 437?
23
Calculate the highest common factor of 432 and 6588.
108
Calculate the highest common factor of 1500 and 60.
60
Calculate the highest common factor of 9 and 24.
3
What is the highest common divisor of 4118 and 464?
58
What is the greatest common divisor of 2 and 5?
1
What is the greatest common factor of 3 and 28857?
3
What is the highest common factor of 12 and 636?
12
What is the greatest common factor of 99 and 132?
33
What is the highest common divisor of 356 and 28?
4
What is the greatest common factor of 2343 and 33?
33
What is the greatest common divisor of 603 and 670?
67
What is the highest common factor of 26 and 1066?
26
Calculate the highest common divisor of 388 and 9700.
388
What is the highest common divisor of 342 and 138?
6
Calculate the greatest common divisor of 7306 and 234.
26
Calculate the highest common factor of 1302 and 2046.
186
What is the greatest common divisor of 53 and 1696?
53
What is the greatest common factor of 119 and 1498?
7
Calculate the greatest common divisor of 7198 and 118.
118
Calculate the highest common divisor of 66 and 99.
33
What is the greatest common divisor of 13 and 793?
13
What is the highest common factor of 50 and 400?
50
What is the greatest common divisor of 20 and 1300?
20
Calculate the greatest common factor of 6817 and 85.
17
Calculate the highest common factor of 528 and 112.
16
Calculate the greatest common divisor of 11 and 260.
1
What is the highest common divisor of 40 and 230?
10
Calculate the highest common factor of 567 and 21.
21
Calculate the greatest common factor of 7739 and 213.
71
Calculate the highest common divisor of 144 and 336.
48
Calculate the greatest common factor of 91 and 119.
7
What is the highest common factor of 5026 and 14?
14
Calculate the highest common factor of 45 and 27.
9
Calculate the greatest common divisor of 245 and 5.
5
What is the greatest common divisor of 676 and 1053?
13
What is the greatest common factor of 344 and 301?
43
Calculate the highest common divisor of 1474 and 44.
22
What is the greatest common divisor of 8 and 6?
2
Calculate the greatest common divisor of 67309 and 319.
319
Calculate the highest common factor of 5473 and 13.
13
Calculate the highest common divisor of 28 and 78274.
14
Calculate the greatest common factor of 230 and 9775.
115
Calculate the greatest common divisor of 84 and 28.
28
What is the highest common factor of 136 and 85?
17
What is the highest common factor of 104 and 273?
13
What is the greatest common factor of 1053 and 819?
117
What is the greatest common divisor of 24 and 3636?
12
Calculate the highest common divisor of 138 and 30.
6
What is the greatest common factor of 9 and 207?
9
Calculate the highest common divisor of 6 and 186.
6
Calculate the highest common factor of 28 and 266.
14
What is the highest common divisor of 1044 and 5684?
116
Calculate the highest common divisor of 75 and 1250.
25
What is the greatest common factor of 198 and 414?
18
What is the greatest common factor of 493 and 1856?
29
What is the greatest common factor of 18468 and 152?
76
Calculate the greatest common divisor of 4719 and 195.
39
Calculate the greatest common divisor of 24 and 37212.
12
Calculate the greatest common divisor of 603 and 9.
9
Calculate the highest common divisor of 183 and 976.
61
What is the highest common divisor of 18 and 24?
6
What is the highest common divisor of 1935 and 30?
15
Calculate the greatest common divisor of 432 and 612.
36
What is the highest common factor of 102 and 24?
6
What is the greatest common factor of 55 and 69245?
55
Calculate the highest common divisor of 472 and 59.
59
What is the highest common divisor of 2106 and 216?
54
Calculate the highest common factor of 110 and 5632.
22
What is the highest common divisor of 602 and 14?
14
What is the highest common factor of 7635 and 105?
15
What is the greatest common factor of 64 and 24?
8
Calculate the highest common divisor of 1804 and 132.
44
Calculate the highest common factor of 108 and 1332.
36
What is the highest common divisor of 5022 and 155?
31
Calculate the highest common divisor of 520 and 16.
8
What is the highest common factor of 816 and 85?
17
Calculate the greatest common divisor of 672 and 2394.
42
Calculate the highest common factor of 93 and 33.
3
Calculate the highest common divisor of 34 and 306.
34
Calculate the greatest common divisor of 16 and 16.
16
What is the greatest common divisor of 240 and 1360?
80
What is the highest common factor of 510 and 30?
30
Calculate the greatest common factor of 108 and 996.
12
Calculate the highest common divisor of 43 and 129.
43
What is the highest common divisor of 5798 and 52?
26
Calculate the highest common factor of 3 and 34.
1
What is the greatest common factor of 2145 and 26?
13
Calculate the greatest common factor of 990 and 290.
10
What is the greatest common factor of 26 and 8775?
13
What is the highest common divisor of 9 and 4851?
9
What is the highest common factor of 8 and 488?
8
What is the greatest common divisor of 119 and 34?
17
What is the greatest common factor of 441 and 63?
63
What is the greatest common divisor of 2392 and 52?
52
What is the highest common divisor of 153 and 204?
51
What is the greatest common divisor of 201 and 33?
3
What is the highest common factor of 36 and 2304?
36
What is the greatest common divisor of 21 and 2149?
7
Calculate the greatest common divisor of 96 and 912.
48
What is the greatest common factor of 650 and 700?
50
Calculate the highest common factor of 20 and 110.
10
What is the greatest common divisor of 1043 and 7?
7
Calculate the highest common divisor of 972 and 189.
27
Calculate the highest common divisor of 854 and 84.
14
What is the highest common factor of 516 and 60?
12
What is the highest common divisor of 3477 and 57?
57
Calculate the highest common factor of 1003 and 295.
59
What is the greatest common factor of 221 and 3614?
13
Calculate the highest common divisor of 456 and 57.
57
Calculate the highest common factor of 5 and 610.
5
Calculate the greatest common factor of 3816 and 6.
6
Calculate the greatest common divisor of 12954 and 68.
34
Calculate the greatest common factor of 310 and 10.
10
What is the greatest common divisor of 4142 and 38?
38
Calculate the greatest common divisor of 1170 and 900.
90
What is the greatest common divisor of 8 and 344?
8
What is the highest common divisor of 35 and 2079?
7
What is the highest common factor of 148 and 16?
4
Calculate the highest common factor of 276 and 92.
92
What is the highest common divisor of 6924 and 36?
12
What is the greatest common divisor of 22 and 66?
22
What is the highest common factor of 25692 and 4?
4
Calculate the highest common divisor of 3289 and 23.
23
What is the highest common divisor of 2 and 54?
2
What is the highest common divisor of 53 and 53?
53
Calculate the highest common divisor of 25 and 145.
5
Calculate the greatest common divisor of 1166 and 99.
11
What is the greatest common divisor of 4913 and 17?
17
Calculate the highest common divisor of 1156 and 8.
4
Calculate the greatest common divisor of 8020 and 40.
20
What is the greatest common divisor of 228 and 285?
57
What is the highest common divisor of 217 and 21?
7
What is the greatest common divisor of 66 and 44?
22
What is the highest common factor of 700 and 300?
100
What is the highest common factor of 10 and 1790?
10
What is the greatest common divisor of 68 and 2924?
68
What is the greatest common divisor of 82104 and 11?
11
Calculate the greatest common factor of 48 and 64.
16
Calculate the highest common factor of 112 and 20.
4
Calculate the highest common factor of 11567 and 43.
43
What is the highest common factor of 427 and 49?
7
What is the highest common factor of 70 and 50?
10
Calculate the greatest common factor of 246 and 328.
82
What is the greatest common factor of 15 and 435?
15
Calculate the high